{"id":256,"date":"2020-02-02T20:16:02","date_gmt":"2020-02-02T19:16:02","guid":{"rendered":"https:\/\/www.soccerfootballcards.pl\/?page_id=256"},"modified":"2020-03-11T10:17:03","modified_gmt":"2020-03-11T09:17:03","slug":"kontakt","status":"publish","type":"page","link":"https:\/\/www.soccerfootballcards.pl\/?page_id=256","title":{"rendered":"Kontakt \/ Aktualno\u015bci"},"content":{"rendered":"\t\t<div data-elementor-type=\"wp-page\" data-elementor-id=\"256\" class=\"elementor elementor-256\">\n\t\t\t\t\t\t<section class=\"elementor-section elementor-top-section elementor-element elementor-element-4fb246cf elementor-section-height-min-height elementor-section-boxed elementor-section-height-default elementor-section-items-middle\" data-id=\"4fb246cf\" data-element_type=\"section\" data-settings=\"{&quot;background_background&quot;:&quot;classic&quot;}\">\n\t\t\t\t\t\t<div class=\"elementor-container elementor-column-gap-wider\">\n\t\t\t\t\t<div class=\"elementor-column elementor-col-50 elementor-top-column elementor-element elementor-element-17ff4585\" data-id=\"17ff4585\" data-element_type=\"column\">\n\t\t\t<div class=\"elementor-widget-wrap elementor-element-populated\">\n\t\t\t\t\t\t<div class=\"elementor-element elementor-element-4227fd92 elementor-widget elementor-widget-heading\" data-id=\"4227fd92\" data-element_type=\"widget\" data-widget_type=\"heading.default\">\n\t\t\t\t<div class=\"elementor-widget-container\">\n\t\t\t<h2 class=\"elementor-heading-title elementor-size-default\">Kontakt<\/h2>\t\t<\/div>\n\t\t\t\t<\/div>\n\t\t\t\t<div class=\"elementor-element elementor-element-531a1c51 elementor-widget elementor-widget-text-editor\" data-id=\"531a1c51\" data-element_type=\"widget\" data-widget_type=\"text-editor.default\">\n\t\t\t\t<div class=\"elementor-widget-container\">\n\t\t\t\t\t\t\t<p>Wszystkie pytania prosz\u0119 kierowa\u0107 do mnie na adres e-mail.<\/p>\t\t\t\t\t\t<\/div>\n\t\t\t\t<\/div>\n\t\t\t\t<section class=\"elementor-section elementor-inner-section elementor-element elementor-element-234a4496 elementor-section-boxed elementor-section-height-default elementor-section-height-default\" data-id=\"234a4496\" data-element_type=\"section\">\n\t\t\t\t\t\t<div class=\"elementor-container elementor-column-gap-default\">\n\t\t\t\t\t<div class=\"elementor-column elementor-col-100 elementor-inner-column elementor-element elementor-element-5d2c64f\" data-id=\"5d2c64f\" data-element_type=\"column\">\n\t\t\t<div class=\"elementor-widget-wrap elementor-element-populated\">\n\t\t\t\t\t\t<div class=\"elementor-element elementor-element-a231c34 elementor-view-default elementor-position-top elementor-mobile-position-top elementor-widget elementor-widget-icon-box\" data-id=\"a231c34\" data-element_type=\"widget\" data-widget_type=\"icon-box.default\">\n\t\t\t\t<div class=\"elementor-widget-container\">\n\t\t\t\t\t<div class=\"elementor-icon-box-wrapper\">\n\t\t\t\t\t\t<div class=\"elementor-icon-box-icon\">\n\t\t\t\t<span  class=\"elementor-icon elementor-animation-grow\">\n\t\t\t\t<i aria-hidden=\"true\" class=\"fas fa-mail-bulk\"><\/i>\t\t\t\t<\/span>\n\t\t\t<\/div>\n\t\t\t\t\t\t<div class=\"elementor-icon-box-content\">\n\t\t\t\t<h3 class=\"elementor-icon-box-title\">\n\t\t\t\t\t<span  >\n\t\t\t\t\t\tE-mail\t\t\t\t\t<\/span>\n\t\t\t\t<\/h3>\n\t\t\t\t\t\t\t\t\t<p class=\"elementor-icon-box-description\">\n\t\t\t\t\t\tkontakt@soccerfootballcards.pl\t\t\t\t\t<\/p>\n\t\t\t\t\t\t\t<\/div>\n\t\t<\/div>\n\t\t\t\t<\/div>\n\t\t\t\t<\/div>\n\t\t\t\t\t<\/div>\n\t\t<\/div>\n\t\t\t\t\t<\/div>\n\t\t<\/section>\n\t\t\t\t\t<\/div>\n\t\t<\/div>\n\t\t\t\t<div class=\"elementor-column elementor-col-50 elementor-top-column elementor-element elementor-element-9ce6dba\" data-id=\"9ce6dba\" data-element_type=\"column\">\n\t\t\t<div class=\"elementor-widget-wrap elementor-element-populated\">\n\t\t\t\t\t\t<div class=\"elementor-element elementor-element-a6cd5aa elementor-widget elementor-widget-heading\" data-id=\"a6cd5aa\" data-element_type=\"widget\" data-widget_type=\"heading.default\">\n\t\t\t\t<div class=\"elementor-widget-container\">\n\t\t\t<h2 class=\"elementor-heading-title elementor-size-default\">Wsp\u00f3\u0142praca<\/h2>\t\t<\/div>\n\t\t\t\t<\/div>\n\t\t\t\t<div class=\"elementor-element elementor-element-500ca0f elementor-widget elementor-widget-text-editor\" data-id=\"500ca0f\" data-element_type=\"widget\" data-widget_type=\"text-editor.default\">\n\t\t\t\t<div class=\"elementor-widget-container\">\n\t\t\t\t\t\t\t<p>Poszukuj\u0119 do wsp\u00f3\u0142pracy pasjonat\u00f3w pi\u0142ki no\u017cnej (programist\u00f3w, informatyk\u00f3w) do projektu uruchomienia na stronie <a href=\"https:\/\/www.soccerfootballcards.pl\">www.soccerfootballcards.pl<\/a> og\u00f3lnopolskich turniej\u00f3w online ( np. na wz\u00f3r Euro 2020 \u2013 tutaj ilo\u015b\u0107 os\u00f3b jest ograniczona do 24) \u00a0<\/p><p>Poszukuj\u0119 reklamodawc\u00f3w na moj\u0105 stron\u0119 w postaci firm sportowych, klub\u00f3w pi\u0142karskich oraz innych.<\/p><p>Poszukuj\u0119 dla mojej strony\u00a0 sponsora tytularnego w postaci: klub\u00f3w pi\u0142karskich, wydawnictw prasowych, producent\u00f3w odzie\u017cy sportowej, organizacji sportowych, fundacji\u00a0 ( w tym fundacji dla dzieci i m\u0142odzie\u017cy), firm bran\u017cy IT oraz innych.<\/p><p>Swoj\u0105 ofert\u0119 wsp\u00f3\u0142pracy przedstawiam r\u00f3wnie\u017c dla firm Bookmacherskich w postaci udzielenie licencji \u00a0na organizowanie tak ostatnio popularnych gier karcianych r\u00f3\u017cnego typu. Mo\u017cna\u00a0 rozegra\u0107 np. turniej Euro 2020 w kt\u00f3rym udzia\u0142 brali by zalogowani uczestnicy danego Bookmachera. Na takich turniejach tak\u017ce mo\u017cna obstawia\u0107 wszelkie imprezy pi\u0142karskie nie tylko Euro 2020 a tak\u017ce Liga Mistrz\u00f3w 2020\/21, Liga Europy 2000\/21 oraz M\u015a w Pi\u0142ce No\u017cnej 2022.<\/p><p>W okresie wakacyjnym mog\u0119 przeprowadzi\u0107 turnieje dla dzieci i m\u0142odzie\u017cy w o\u015brodkach wychowawczych, szko\u0142ach, \u015bwietlicach itp.<\/p><p>Zapraszam do wsp\u00f3\u0142pracy.<br \/>Andrzej Igny\u015b<\/p>\t\t\t\t\t\t<\/div>\n\t\t\t\t<\/div>\n\t\t\t\t\t<\/div>\n\t\t<\/div>\n\t\t\t\t\t<\/div>\n\t\t<\/section>\n\t\t\t\t<\/div>\n\t\t","protected":false},"excerpt":{"rendered":"<p>Kontakt Wszystkie pytania prosz\u0119 kierowa\u0107 do mnie na adres e-mail. E-mail kontakt@soccerfootballcards.pl Wsp\u00f3\u0142praca Poszukuj\u0119 do wsp\u00f3\u0142pracy pasjonat\u00f3w pi\u0142ki no\u017cnej (programist\u00f3w, informatyk\u00f3w) do projektu uruchomienia na stronie www.soccerfootballcards.pl og\u00f3lnopolskich turniej\u00f3w online ( np. na wz\u00f3r Euro 2020 \u2013 tutaj ilo\u015b\u0107 os\u00f3b jest ograniczona do 24) \u00a0 Poszukuj\u0119 reklamodawc\u00f3w na moj\u0105 stron\u0119 w postaci firm sportowych, klub\u00f3w [&hellip;]<\/p>\n","protected":false},"author":1,"featured_media":0,"parent":0,"menu_order":0,"comment_status":"closed","ping_status":"closed","template":"elementor_header_footer","meta":{"footnotes":""},"class_list":["post-256","page","type-page","status-publish","hentry"],"_links":{"self":[{"href":"https:\/\/www.soccerfootballcards.pl\/index.php?rest_route=\/wp\/v2\/pages\/256","targetHints":{"allow":["GET"]}}],"collection":[{"href":"https:\/\/www.soccerfootballcards.pl\/index.php?rest_route=\/wp\/v2\/pages"}],"about":[{"href":"https:\/\/www.soccerfootballcards.pl\/index.php?rest_route=\/wp\/v2\/types\/page"}],"author":[{"embeddable":true,"href":"https:\/\/www.soccerfootballcards.pl\/index.php?rest_route=\/wp\/v2\/users\/1"}],"replies":[{"embeddable":true,"href":"https:\/\/www.soccerfootballcards.pl\/index.php?rest_route=%2Fwp%2Fv2%2Fcomments&post=256"}],"version-history":[{"count":18,"href":"https:\/\/www.soccerfootballcards.pl\/index.php?rest_route=\/wp\/v2\/pages\/256\/revisions"}],"predecessor-version":[{"id":887,"href":"https:\/\/www.soccerfootballcards.pl\/index.php?rest_route=\/wp\/v2\/pages\/256\/revisions\/887"}],"wp:attachment":[{"href":"https:\/\/www.soccerfootballcards.pl\/index.php?rest_route=%2Fwp%2Fv2%2Fmedia&parent=256"}],"curies":[{"name":"wp","href":"https:\/\/api.w.org\/{rel}","templated":true}]}}