{"id":246,"date":"2020-02-02T20:13:11","date_gmt":"2020-02-02T19:13:11","guid":{"rendered":"https:\/\/www.soccerfootballcards.pl\/?page_id=246"},"modified":"2022-09-30T17:14:46","modified_gmt":"2022-09-30T15:14:46","slug":"kup","status":"publish","type":"page","link":"https:\/\/www.soccerfootballcards.pl\/?page_id=246","title":{"rendered":"Kup"},"content":{"rendered":"\t\t<div data-elementor-type=\"wp-page\" data-elementor-id=\"246\" class=\"elementor elementor-246\">\n\t\t\t\t\t\t<section class=\"elementor-section elementor-top-section elementor-element elementor-element-6b21415a elementor-section-content-middle elementor-section-boxed elementor-section-height-default elementor-section-height-default\" data-id=\"6b21415a\" data-element_type=\"section\" data-settings=\"{&quot;background_background&quot;:&quot;classic&quot;}\">\n\t\t\t\t\t\t<div class=\"elementor-container elementor-column-gap-default\">\n\t\t\t\t\t<div class=\"elementor-column elementor-col-100 elementor-top-column elementor-element elementor-element-7b2222fd\" data-id=\"7b2222fd\" data-element_type=\"column\">\n\t\t\t<div class=\"elementor-widget-wrap elementor-element-populated\">\n\t\t\t\t\t\t<section class=\"elementor-section elementor-inner-section elementor-element elementor-element-7cafa227 elementor-section-boxed elementor-section-height-default elementor-section-height-default\" data-id=\"7cafa227\" data-element_type=\"section\">\n\t\t\t\t\t\t<div class=\"elementor-container elementor-column-gap-default\">\n\t\t\t\t\t<div class=\"elementor-column elementor-col-100 elementor-inner-column elementor-element elementor-element-4efcdc63\" data-id=\"4efcdc63\" data-element_type=\"column\">\n\t\t\t<div class=\"elementor-widget-wrap elementor-element-populated\">\n\t\t\t\t\t\t<div class=\"elementor-element elementor-element-acae443 elementor-widget elementor-widget-heading\" data-id=\"acae443\" data-element_type=\"widget\" data-widget_type=\"heading.default\">\n\t\t\t\t<div class=\"elementor-widget-container\">\n\t\t\t<h2 class=\"elementor-heading-title elementor-size-default\">Karty do gry<\/h2>\t\t<\/div>\n\t\t\t\t<\/div>\n\t\t\t\t<div class=\"elementor-element elementor-element-7ecfb176 elementor-widget-divider--view-line elementor-widget elementor-widget-divider\" data-id=\"7ecfb176\" data-element_type=\"widget\" data-widget_type=\"divider.default\">\n\t\t\t\t<div class=\"elementor-widget-container\">\n\t\t\t\t\t<div class=\"elementor-divider\">\n\t\t\t<span class=\"elementor-divider-separator\">\n\t\t\t\t\t\t<\/span>\n\t\t<\/div>\n\t\t\t\t<\/div>\n\t\t\t\t<\/div>\n\t\t\t\t\t<\/div>\n\t\t<\/div>\n\t\t\t\t\t<\/div>\n\t\t<\/section>\n\t\t\t\t<section class=\"elementor-section elementor-inner-section elementor-element elementor-element-54108539 elementor-section-content-middle elementor-section-boxed elementor-section-height-default elementor-section-height-default\" data-id=\"54108539\" data-element_type=\"section\">\n\t\t\t\t\t\t<div class=\"elementor-container elementor-column-gap-no\">\n\t\t\t\t\t<div class=\"elementor-column elementor-col-100 elementor-inner-column elementor-element elementor-element-454c51b8\" data-id=\"454c51b8\" data-element_type=\"column\">\n\t\t\t<div class=\"elementor-widget-wrap elementor-element-populated\">\n\t\t\t\t\t\t<div class=\"elementor-element elementor-element-646841bb elementor-widget elementor-widget-image\" data-id=\"646841bb\" data-element_type=\"widget\" data-widget_type=\"image.default\">\n\t\t\t\t<div class=\"elementor-widget-container\">\n\t\t\t\t\t\t\t\t\t\t\t\t\t<img fetchpriority=\"high\" decoding=\"async\" width=\"194\" height=\"300\" src=\"https:\/\/www.soccerfootballcards.pl\/wp-content\/uploads\/2017\/07\/1.cam01069-194x300.jpg\" class=\"attachment-medium size-medium wp-image-41\" alt=\"\" srcset=\"https:\/\/www.soccerfootballcards.pl\/wp-content\/uploads\/2017\/07\/1.cam01069-194x300.jpg 194w, https:\/\/www.soccerfootballcards.pl\/wp-content\/uploads\/2017\/07\/1.cam01069-662x1024.jpg 662w, https:\/\/www.soccerfootballcards.pl\/wp-content\/uploads\/2017\/07\/1.cam01069-768x1188.jpg 768w, https:\/\/www.soccerfootballcards.pl\/wp-content\/uploads\/2017\/07\/1.cam01069-993x1536.jpg 993w, https:\/\/www.soccerfootballcards.pl\/wp-content\/uploads\/2017\/07\/1.cam01069-1324x2048.jpg 1324w, https:\/\/www.soccerfootballcards.pl\/wp-content\/uploads\/2017\/07\/1.cam01069.jpg 1435w\" sizes=\"(max-width: 194px) 100vw, 194px\" \/>\t\t\t\t\t\t\t\t\t\t\t\t\t<\/div>\n\t\t\t\t<\/div>\n\t\t\t\t\t<\/div>\n\t\t<\/div>\n\t\t\t\t<div class=\"elementor-column elementor-col-100 elementor-inner-column elementor-element elementor-element-26766d22\" data-id=\"26766d22\" data-element_type=\"column\">\n\t\t\t<div class=\"elementor-widget-wrap elementor-element-populated\">\n\t\t\t\t\t\t<div class=\"elementor-element elementor-element-6938efb6 elementor-widget elementor-widget-text-editor\" data-id=\"6938efb6\" data-element_type=\"widget\" data-widget_type=\"text-editor.default\">\n\t\t\t\t<div class=\"elementor-widget-container\">\n\t\t\t\t\t\t\t<p align=\"JUSTIFY\"><strong>Absolutny hit 2017!!!<\/strong><\/p><p align=\"JUSTIFY\">Karty do gry pi\u0142karskiej zawieraj\u0105ce na awersach kart fragmenty z \u201eEncyklopedii Ekstraklasy 1927\/2014 &#8211; bilans 80 sezon\u00f3w\u201d. Prezentacja 20 najlepszych klub\u00f3w oraz 8 klub\u00f3w z rozgrywek ligowych sezonu 2016\/2017. Jest r\u00f3wnie\u017c tabela wszech czas\u00f3w, wykaz najd\u0142u\u017cszych serii, tabela strzelc\u00f3w klubu \u201e100\u201d, medali\u015bcie ekstraklasy.<\/p><p align=\"JUSTIFY\">Do wsp\u00f3lnej gry zapraszaj\u0105 dwaj uzdolnieni m\u0142odzi adepci pi\u0142ki no\u017cnej z klubu Korony Kielce: <strong>Oliwier Pi\u0105tkowski (bramkarz) i Damian Wawszczyk (napastnik)<\/strong><\/p><p align=\"JUSTIFY\">Gra nie ma przedzia\u0142u wiekowego i mog\u0105 w ni\u0105 gra\u0107 wszyscy sympatycy pi\u0142ki no\u017cnej. Jest to pierwsza tego typu gra w Polsce i w Europie.<\/p><p align=\"JUSTIFY\">Mecz trwa oko\u0142o 5-8 minut. Jest gospodarz i go\u015b\u0107, pierwsza i druga po\u0142owa, rzuty karne i wolne. Wyniki jak w prawdziwym meczu pi\u0142karskim. Plusem tej gry jest fakt, \u017ce jest to gra dla 2 os\u00f3b a gdy jest ich wi\u0119cej to mo\u017cna rozegra\u0107 turniej, kt\u00f3ry w dowolnym miejscu mo\u017cna przerwa\u0107 i doko\u0144czy\u0107 w innym terminie.<\/p>\t\t\t\t\t\t<\/div>\n\t\t\t\t<\/div>\n\t\t\t\t\t<\/div>\n\t\t<\/div>\n\t\t\t\t\t<\/div>\n\t\t<\/section>\n\t\t\t\t<section class=\"elementor-section elementor-inner-section elementor-element elementor-element-d8954f4 elementor-section-content-middle elementor-section-boxed elementor-section-height-default elementor-section-height-default\" data-id=\"d8954f4\" data-element_type=\"section\">\n\t\t\t\t\t\t<div class=\"elementor-container elementor-column-gap-default\">\n\t\t\t\t\t<div class=\"elementor-column elementor-col-50 elementor-inner-column elementor-element elementor-element-12cba339\" data-id=\"12cba339\" data-element_type=\"column\">\n\t\t\t<div class=\"elementor-widget-wrap elementor-element-populated\">\n\t\t\t\t\t\t<div class=\"elementor-element elementor-element-43454dae elementor-widget elementor-widget-text-editor\" data-id=\"43454dae\" data-element_type=\"widget\" data-widget_type=\"text-editor.default\">\n\t\t\t\t<div class=\"elementor-widget-container\">\n\t\t\t\t\t\t\t<p align=\"JUSTIFY\">Nauka gry trwa mniej wi\u0119cej tyle co mecz, troch\u0119 trzeba pogra\u0107 aby wygra\u0107. A gra\u0107 mo\u017cna dos\u0142ownie wsz\u0119dzie: w domu, w poci\u0105gu, w autokarze, na \u0142awce, na trawie, na stadionie w oczekiwaniu na prawdziwy mecz, na pla\u017cy itp.<\/p><p align=\"JUSTIFY\">Doskona\u0142a gra na rodzinne jesienno-zimowe wieczory, jako odpoczynek od internetu i oderwanie m\u0142odszych zwolennik\u00f3w gier, w kt\u00f3rych dominuje zabijanie wszystkiego co staje na drodze. Gra \u0107wiczy pami\u0119\u0107, uczy logicznego my\u015blenia u dzieci i m\u0142odzie\u017cy. <\/p><p align=\"JUSTIFY\">\u00a0<\/p>\t\t\t\t\t\t<\/div>\n\t\t\t\t<\/div>\n\t\t\t\t\t<\/div>\n\t\t<\/div>\n\t\t\t\t<div class=\"elementor-column elementor-col-50 elementor-inner-column elementor-element elementor-element-7f31e53\" data-id=\"7f31e53\" data-element_type=\"column\">\n\t\t\t<div class=\"elementor-widget-wrap elementor-element-populated\">\n\t\t\t\t\t\t<div class=\"elementor-element elementor-element-5fb1d01 elementor-widget elementor-widget-image\" data-id=\"5fb1d01\" data-element_type=\"widget\" data-widget_type=\"image.default\">\n\t\t\t\t<div class=\"elementor-widget-container\">\n\t\t\t\t\t\t\t\t\t\t\t\t\t<img decoding=\"async\" width=\"205\" height=\"300\" src=\"https:\/\/www.soccerfootballcards.pl\/wp-content\/uploads\/2020\/03\/Clipboard03-205x300.jpg\" class=\"attachment-medium size-medium wp-image-670\" alt=\"\" srcset=\"https:\/\/www.soccerfootballcards.pl\/wp-content\/uploads\/2020\/03\/Clipboard03-205x300.jpg 205w, https:\/\/www.soccerfootballcards.pl\/wp-content\/uploads\/2020\/03\/Clipboard03.jpg 378w\" sizes=\"(max-width: 205px) 100vw, 205px\" \/>\t\t\t\t\t\t\t\t\t\t\t\t\t<\/div>\n\t\t\t\t<\/div>\n\t\t\t\t\t<\/div>\n\t\t<\/div>\n\t\t\t\t\t<\/div>\n\t\t<\/section>\n\t\t\t\t\t<\/div>\n\t\t<\/div>\n\t\t\t\t\t<\/div>\n\t\t<\/section>\n\t\t\t\t<section class=\"elementor-section elementor-top-section elementor-element elementor-element-b610ee0 elementor-section-boxed elementor-section-height-default elementor-section-height-default\" data-id=\"b610ee0\" data-element_type=\"section\">\n\t\t\t\t\t\t<div class=\"elementor-container elementor-column-gap-default\">\n\t\t\t\t\t<div class=\"elementor-column elementor-col-100 elementor-top-column elementor-element elementor-element-71be414\" data-id=\"71be414\" data-element_type=\"column\">\n\t\t\t<div class=\"elementor-widget-wrap elementor-element-populated\">\n\t\t\t\t\t\t<div class=\"elementor-element elementor-element-b816daf elementor-arrows-position-inside elementor-pagination-position-outside elementor-widget elementor-widget-image-carousel\" data-id=\"b816daf\" data-element_type=\"widget\" data-settings=\"{&quot;slides_to_show&quot;:&quot;3&quot;,&quot;slides_to_scroll&quot;:&quot;1&quot;,&quot;navigation&quot;:&quot;both&quot;,&quot;autoplay&quot;:&quot;yes&quot;,&quot;pause_on_hover&quot;:&quot;yes&quot;,&quot;pause_on_interaction&quot;:&quot;yes&quot;,&quot;autoplay_speed&quot;:5000,&quot;infinite&quot;:&quot;yes&quot;,&quot;speed&quot;:500}\" data-widget_type=\"image-carousel.default\">\n\t\t\t\t<div class=\"elementor-widget-container\">\n\t\t\t\t\t<div class=\"elementor-image-carousel-wrapper swiper\" dir=\"ltr\">\n\t\t\t<div class=\"elementor-image-carousel swiper-wrapper\" aria-live=\"off\">\n\t\t\t\t\t\t\t\t<div class=\"swiper-slide\" role=\"group\" aria-roledescription=\"slide\" aria-label=\"1 of 10\"><figure class=\"swiper-slide-inner\"><img decoding=\"async\" class=\"swiper-slide-image\" src=\"https:\/\/www.soccerfootballcards.pl\/wp-content\/uploads\/2020\/03\/1.jpg\" alt=\"1\" \/><\/figure><\/div><div class=\"swiper-slide\" role=\"group\" aria-roledescription=\"slide\" aria-label=\"2 of 10\"><figure class=\"swiper-slide-inner\"><img decoding=\"async\" class=\"swiper-slide-image\" src=\"https:\/\/www.soccerfootballcards.pl\/wp-content\/uploads\/2020\/03\/2.jpg\" alt=\"2\" \/><\/figure><\/div><div class=\"swiper-slide\" role=\"group\" aria-roledescription=\"slide\" aria-label=\"3 of 10\"><figure class=\"swiper-slide-inner\"><img decoding=\"async\" class=\"swiper-slide-image\" src=\"https:\/\/www.soccerfootballcards.pl\/wp-content\/uploads\/2020\/03\/3.jpg\" alt=\"3\" \/><\/figure><\/div><div class=\"swiper-slide\" role=\"group\" aria-roledescription=\"slide\" aria-label=\"4 of 10\"><figure class=\"swiper-slide-inner\"><img decoding=\"async\" class=\"swiper-slide-image\" src=\"https:\/\/www.soccerfootballcards.pl\/wp-content\/uploads\/2020\/03\/4.jpg\" alt=\"4\" \/><\/figure><\/div><div class=\"swiper-slide\" role=\"group\" aria-roledescription=\"slide\" aria-label=\"5 of 10\"><figure class=\"swiper-slide-inner\"><img decoding=\"async\" class=\"swiper-slide-image\" src=\"https:\/\/www.soccerfootballcards.pl\/wp-content\/uploads\/2020\/03\/5.jpg\" alt=\"5\" \/><\/figure><\/div><div class=\"swiper-slide\" role=\"group\" aria-roledescription=\"slide\" aria-label=\"6 of 10\"><figure class=\"swiper-slide-inner\"><img decoding=\"async\" class=\"swiper-slide-image\" src=\"https:\/\/www.soccerfootballcards.pl\/wp-content\/uploads\/2020\/03\/6.jpg\" alt=\"6\" \/><\/figure><\/div><div class=\"swiper-slide\" role=\"group\" aria-roledescription=\"slide\" aria-label=\"7 of 10\"><figure class=\"swiper-slide-inner\"><img decoding=\"async\" class=\"swiper-slide-image\" src=\"https:\/\/www.soccerfootballcards.pl\/wp-content\/uploads\/2020\/03\/7.jpg\" alt=\"7\" \/><\/figure><\/div><div class=\"swiper-slide\" role=\"group\" aria-roledescription=\"slide\" aria-label=\"8 of 10\"><figure class=\"swiper-slide-inner\"><img decoding=\"async\" class=\"swiper-slide-image\" src=\"https:\/\/www.soccerfootballcards.pl\/wp-content\/uploads\/2020\/03\/8.jpg\" alt=\"8\" \/><\/figure><\/div><div class=\"swiper-slide\" role=\"group\" aria-roledescription=\"slide\" aria-label=\"9 of 10\"><figure class=\"swiper-slide-inner\"><img decoding=\"async\" class=\"swiper-slide-image\" src=\"https:\/\/www.soccerfootballcards.pl\/wp-content\/uploads\/2020\/03\/9.jpg\" alt=\"9\" \/><\/figure><\/div><div class=\"swiper-slide\" role=\"group\" aria-roledescription=\"slide\" aria-label=\"10 of 10\"><figure class=\"swiper-slide-inner\"><img decoding=\"async\" class=\"swiper-slide-image\" src=\"https:\/\/www.soccerfootballcards.pl\/wp-content\/uploads\/2020\/03\/10.jpg\" alt=\"10\" \/><\/figure><\/div>\t\t\t<\/div>\n\t\t\t\t\t\t\t\t\t\t\t\t<div class=\"elementor-swiper-button elementor-swiper-button-prev\" role=\"button\" tabindex=\"0\">\n\t\t\t\t\t\t<i aria-hidden=\"true\" class=\"eicon-chevron-left\"><\/i>\t\t\t\t\t<\/div>\n\t\t\t\t\t<div class=\"elementor-swiper-button elementor-swiper-button-next\" role=\"button\" tabindex=\"0\">\n\t\t\t\t\t\t<i aria-hidden=\"true\" class=\"eicon-chevron-right\"><\/i>\t\t\t\t\t<\/div>\n\t\t\t\t\n\t\t\t\t\t\t\t\t\t<div class=\"swiper-pagination\"><\/div>\n\t\t\t\t\t\t\t\t\t<\/div>\n\t\t\t\t<\/div>\n\t\t\t\t<\/div>\n\t\t\t\t\t<\/div>\n\t\t<\/div>\n\t\t\t\t\t<\/div>\n\t\t<\/section>\n\t\t\t\t<\/div>\n\t\t","protected":false},"excerpt":{"rendered":"<p>Karty do gry Absolutny hit 2017!!! Karty do gry pi\u0142karskiej zawieraj\u0105ce na awersach kart fragmenty z \u201eEncyklopedii Ekstraklasy 1927\/2014 &#8211; bilans 80 sezon\u00f3w\u201d. Prezentacja 20 najlepszych klub\u00f3w oraz 8 klub\u00f3w z rozgrywek ligowych sezonu 2016\/2017. Jest r\u00f3wnie\u017c tabela wszech czas\u00f3w, wykaz najd\u0142u\u017cszych serii, tabela strzelc\u00f3w klubu \u201e100\u201d, medali\u015bcie ekstraklasy. Do wsp\u00f3lnej gry zapraszaj\u0105 dwaj uzdolnieni [&hellip;]<\/p>\n","protected":false},"author":1,"featured_media":0,"parent":0,"menu_order":0,"comment_status":"closed","ping_status":"closed","template":"elementor_header_footer","meta":{"footnotes":""},"class_list":["post-246","page","type-page","status-publish","hentry"],"_links":{"self":[{"href":"https:\/\/www.soccerfootballcards.pl\/index.php?rest_route=\/wp\/v2\/pages\/246","targetHints":{"allow":["GET"]}}],"collection":[{"href":"https:\/\/www.soccerfootballcards.pl\/index.php?rest_route=\/wp\/v2\/pages"}],"about":[{"href":"https:\/\/www.soccerfootballcards.pl\/index.php?rest_route=\/wp\/v2\/types\/page"}],"author":[{"embeddable":true,"href":"https:\/\/www.soccerfootballcards.pl\/index.php?rest_route=\/wp\/v2\/users\/1"}],"replies":[{"embeddable":true,"href":"https:\/\/www.soccerfootballcards.pl\/index.php?rest_route=%2Fwp%2Fv2%2Fcomments&post=246"}],"version-history":[{"count":30,"href":"https:\/\/www.soccerfootballcards.pl\/index.php?rest_route=\/wp\/v2\/pages\/246\/revisions"}],"predecessor-version":[{"id":942,"href":"https:\/\/www.soccerfootballcards.pl\/index.php?rest_route=\/wp\/v2\/pages\/246\/revisions\/942"}],"wp:attachment":[{"href":"https:\/\/www.soccerfootballcards.pl\/index.php?rest_route=%2Fwp%2Fv2%2Fmedia&parent=246"}],"curies":[{"name":"wp","href":"https:\/\/api.w.org\/{rel}","templated":true}]}}